2 - 3) + -10 - -5?
6
What is 11 + 10 + -7 - ((27 - 11) + -9)?
7
Calculate (5 - 0 - 19) + (18 - 18).
-14
Calculate -7 + 1 - -10 - (0 + -4).
8
Calculate -25 + (18 - (8 - (-13 + 18))).
-10
What is (-10 - (3 + 1 + -8)) + 1 + 16?
11
What is the value of 96 - 102 - (1 - 3 - -1)?
-5
What is the value of -5 + (3 - 5) + (-5 - 6) + 18?
0
What is the value of -17 + 7 + (22 - (-6 + 10))?
8
Evaluate 0 + 10 - (21 - (-29 + (23 - 20))).
-37
What is (5 - -7 - 1 - 29) + -2?
-20
What is the value of (-7 + -2 - 0 - (-70 - -52)) + -28?
-19
Calculate -4 - (11 + -21) - (6 + -2).
2
Calculate -14 - (-11 + 2) - (-1 - 28) - 6.
18
What is the value of -15 + (-58 - -61) + (0 - 15)?
-27
Evaluate 55 + -63 + (3 - 2) - -7.
0
7 + (-75 + 86 - (2 - -24))
-8
8 + (4 - (1 + -5)) + -28
-12
Calculate 1 - (1 - 1 - (8 - -2)).
11
Calculate -15 + (-8 - (-16 + 12 + 4)).
-23
What is 50 - (4 + 14) - 7?
25
40 + (-34 - (29 + -35))
12
25 + (-20 + 4 - -4)
13
Calculate 0 + 6 + (-5 + -17 - -24) - -1.
9
Evaluate 5 + -22 - -15 - -15.
13
Calculate (-16 - (1 - 4)) + (115 - 127).
-25
Calculate 4 - (-1 + (4 - 1)) - (43 + -33).
-8
-14 - (-13 + 35 - 21)
-15
-4 + 8 + -28 + 35
11
What is the value of 16 + -36 + 1 - -8?
-11
What is the value of (61 - 49) + (0 - -2)?
14
-11 + 3 - -24 - -2
18
Calculate 0 + 29 + -19 + -3 + 17 + -2.
22
Evaluate -4 + -8 + 19 + 3 + -12 - -2.
0
What is the value of (-30 - -2) + (654 - 640)?
-14
What is the value of (2 - 0) + -5 - (-30 - -69 - 59)?
17
What is the value of -4 + 10 - (2 + 14)?
-10
What is -611 - -619 - (1 + 0 + -12)?
19
What is -28 - 3 - (-6 + (7 - (15 - 5)))?
-22
What is the value of 0 + 15 - (-513 - -519)?
9
43 + 14 + -31 - (4 - -8)
14
-1 + 1 + (115 - 112) - 9
-6
Calculate (1 + -7 - (-23 - -10 - 7)) + -6.
8
34 + 4 + -9 - (5 + 3) - -4
25
Calculate -1 + 5 + 32 + -31 + -17 + 3.
-9
Calculate -37 + 54 + 5 + (-7 - (-4 - -4)).
15
Evaluate -11 - ((-20 - -13) + 7 + -3).
-8
What is the value of (-30 - -4) + 13 + (2 - (-1 + -1))?
-9
Calculate 105 + -106 + (0 - (2 + -11)).
8
(-31 + (17 - 19) - -16) + (3 - 1)
-15
(-23 + -4 - -31) + -13
-9
Evaluate -2 + 2 + -7 + (-29 - -46 - 26).
-16
What is the value of 22 + -9 - 30 - (-2 + -1 + 6)?
-20
13 + -1 + (-33 - -27) - (0 + 2)
4
Evaluate (-20 - 5) + 25 + 13.
13
Evaluate (50 - 15) + -20 + -13.
2
What is 412 - 430 - (-1 + -10)?
-7
(2 - -2) + -1 + -81 + 84
6
-3 + 4 - (7 - (-1 + (3 - 8)))
-12
What is 16 + 12 + -34 - (8 + 23)?
-37
What is 42 - (0 - -24 - (-144 + 152))?
26
What is the value of 372 + -384 - (-33 - 0)?
21
What is (2 - -13) + (-2 - 3 - -2) + -3?
9
What is 1 + -26 - -3 - (-72 + 66)?
-16
What is the value of 43 + -7 - 8 - 21?
7
Calculate -2 - (16 - 14) - 10.
-14
What is (-2 - (-9 - 0)) + (-3 + 9 - 2)?
11
27 + -4 + 0 + 6 + -13
16
What is the value of -7 - -39 - (39 + -22)?
15
What is the value of 12 - 7 - 21 - (-1 + -7)?
-8
Calculate -5 + (-7 - -15) - -2 - 1.
4
Evaluate -5 - (-4 + 4) - (-3 - 8).
6
16 + -28 + 3 - (-2 + (-3 - -4))
-8
Calculate -11 - (-7 - -5 - 6) - (-2 + 7).
-8
0 + -16 - (39 - 46)
-9
21 - (-4 + (13 + -18 - -10))
20
(6 - 44) + (11 - (13 + -10)) + 1
-29
What is the value of (0 - -22) + 543 + -545?
20
What is the value of 15 - (13 - (11 + -19))?
-6
What is -15 + 1 - (41 - (74 + -43))?
-24
Evaluate -3 - (-2 - (-4 + 5 - 5)).
-5
What is the value of (-1 + 1 - 0) + 3 + -2037 + 2027?
-7
What is the value of 28 - (9 - (3 + (-12 - (-3 + -11))))?
24
Evaluate 247 + -263 + (2 - -20).
6
Evaluate -6 + 7 - (-14 + (18 - 7)).
4
6 - (-17 + (-6 - -9) + 9 - -27)
-16
Evaluate -9 + -23 + 1 + 8.
-23
What is the value of -10 - -11 - 10 - -19?
10
What is the value of 113 - 138 - (0 - 35)?
10
What is the value of (12 - -8) + -23 - -8?
5
Evaluate (23 - (41 + -18)) + (18 - (-3 + 2)).
19
5 + 8 + (24 - (-15 + 30))
22
Calculate (-61 + 2 - -35) + 10.
-14
Evaluate 1 + -17 - (-758 - -732).
10
Evaluate 23 - (15 + 8) - 3.
-3
What is 12 + (-45 - -45) + (-9 - 1)?
2
Evaluate (-4 - (-1 + -3)) + -24 + -3 + 12.
-15
Calculate 11 - (15 + 1 - (-28 + 35)).
2
7 - ((-10 + 1 - 8) + 14)
10
What is the value of -47 - -11 - (2 + (-5 - (3 - -1)))?
-29
Evaluate -14 - -7 - (-2 + -2).
-3
(-7 - (-1 + -7 + 0)) + -4
-3
21 + 1 + -1 - (-253 - -261)
13
(2 - 2) + -5 + -427 + 429
-3
Calculate (-4 - 0 - 10) + 8 + 11 - 18.
-13
0 - 26 - (132 - 133)
-25
69 + -53 - (4 - -15)
-3
9 - (-3 - (-4 + -1) - (0 + 5))
12
Evaluate 10 - ((-6 - (11 - 20)) + 8) - 32.
-33
What is 10 + 2 + -4 + 18 + -29?
-3
What is the value of -20 - (-5 + (-10 - 2))?
-3
Calculate -8 + (5 - (42 - 22)).
-23
Evaluate -19 + -5 + 10 - 4.
-18
What is (7 - -1) + (25 - (-5 - -15) - 19)?
4
Calculate 12 + (-14 - (9 - 19)).
8
What is -2 - -5 - (-6 + (2 - -5 - 5))?
7
-1 - 17 - -1 - (-9 + (45 - 44))
-9
18 + -5 - (-1 + 8 + -2)
8
(-18 - (9 + -10 - 4)) + -2
-15
What is 10 + (0 - -1 - 14)?
-3
What is the value of 18 + -12 + -11 - 21?
-26
What is the value of -1 + -21 + -6 + 5 + -1 - -4?
-20
What is the value of 3 - (4 - (-1 - -2)) - 0?
0
What is 7 + -3 + 4 + -2 + 3?
9
-7 + (0 - -4 - (-25 + 12 - -20))
-10
(3 - (-17 + 26)) + (12 + 2 - 1)
7
What is 17 - (-30 - -23) - 47?
-23
Evaluate 3 - (42 + 5 + -31).
-13
Evaluate 0 + -8 - (-331 - -318) - -5.
10
(-2 + 7 - -8) + 4 + (-2 - -2)
17
What is the value of -46 + -1 - (542 - 565)?
-24
Calculate (2 - 2 - -8) + -43 + 43.
8
Calculate (-5 - (-2 - (-1 - -7))) + (-15 - -1).
-11
What is the value of (4 - 0) + -51 + 57?
10
-10 + -24 - -8 - -13
-13
-10 + 1 + -1 + -10 + 10 + 6
-4
3 + -2 + -6 - (464 - 455)
-14
Evaluate 56 - (-38 - -45 - -38).
11
What is (13 - 1) + (44 - (10 + 37))?
9
-1 + -8 - (-10 + (9 - 10))
2
-22 + (6 - 5) + 6
-15
What is 4 + -4 + -3 + -5?
-8
Calculate (30 - (0 - -22)) + 8.
16
Evaluate 8 - (-111 + 92 + 12 + 3).
12
Evaluate 1 - (63 + -9 + -28).
-25
What is the value of -7 + (6 - 4 - 10 - -14) + 5?
4
What is the value of 1 + 12 - (-3 + (-13 - -16))?
13
Evaluate -27 + 12 + (0 - -1).
-14
Calculate 1 + 1 - (10 + (-1 + -11 - -11)).
-7
-11 - (-17 - -11) - -17
12
Calculate 15 + (-1 - 14) + -14 + -1.
-15
Calculate 1 + (-12 - -6 - 5).
-10
What is 2 + (-5 - (10 + -12)) + -6 + 1?
-6
Evaluate -12 + -3 + 707 + -707.
-15
Calculate (-19 - -16 - 14) + (-5 - (1 + -3)).
-20
Calculate 96 - 114 - (1 + 4).
-23
-4 + 38 - (-8 + 30)
12
Evaluate 9 + (-1 - 27) + 9.
-10
Evaluate 2 + -3 + 4 + 0 - (-43 - -39).
7
What is 2 - (5 + (5 - (-4 + 0)))?
-12
(-38 - -71) + -19 + 12
26
What is 1 + 2 - (-7 - (-3 - 15 - -14))?
6
0 + 9 + (-7 - -2) + 4 - -6
14
What is the value of -1 + 16 + -2 + -5 + 4 + -2?
10
What is the value of 11 + -16 + 16 - (-6 - 0)?
17
What is the value of -4 + (24 - 3 - (7 + 3 - 4))?
11
31 + -38 - (7 - (-3 + -1))
-18
What is -76 + 55 + (-6 - (-4 - -8)) + 2?
-29
Calculate 4 + -29 + 21 + -6.
-10
What is 20 + (-46 - -8) - -42?
24
-7 - (-41 + -5 + -10 + 8 + 2)
39
Calculate 11 + (6 - 9) + (-9 - 13).
-14
What is the value of 11 + -4 + (-31 - -12) - 4?
-16
What is the value of 63 + -73 - (-6 - -2 - 21)?
15
Evaluate 0 - (-6 + 3 + 6) - -7.
4
(143 - 150) + 11 + 1
5
Evaluate 29 + -2 + -1 - (0 + 1 + 4).
21
Calculate (-26 + 35 - 37) + (0 - (-6 + -1)).
-21
What is the value of 2 - (-34 - -29 - (0 + 0))?
7
Calculate (16 - -11) + -29 + (-22 - -1).
-23
What is (-17 - -1) + 4 + 24?
12
What is the value of -6 - (-5 - ((2 - (-4 + 2)) + -3))?
0
What is (61 - 59) + 1 + (0 - 0) + -14?
-11
Evaluate 17 + (-17 - -13) + -6.
7
-4 - -15 - -9 - 11
9
What is (2 - ((-4 - -5 - 13) + 6)) + -18?
-10
-4 + -2 + -3 + (2 + -12 - -6)
-13
Calculate -227 + 236 + 0 + -13.
-4
36 + 38 + -61 + 13
26
Calculate -5 + (2 - (-5 + -23)) + -5 + -3.
17
-22 + (-2 - (1 - 20))
-5
What is (-15 - (-39 + 15)) + 3?
12
What is 0 - 2 - (-6 + -3 + -5 + 4)?
8
3 + 8 + (-11 - 9) + -30
-39
Evaluate (27 - (41 - 3)) + 32.
21
Evaluate -38 - (-49 + 21) - (-2 + -7).
-1
What is (-4 - (-5 + 5)) + (9 - 11) - -10?
4
Calculate -13 - -17 - (-6 - -6 - -8).
-4
What is the value of -15 - (4 - 2) - -23?
6
Evaluate 16 + (-6 - -3) - 4.
9
What is -1 + (15 - (12 - (-5 + 9)) - 1)?
5
Evaluate -17 - (0 + 0) - (-346 + 345).
-16
Evaluate 17 - 29 - (-1 - 9) - -2.
0
What is 13 + -3 - (-27 - -41)?
-4
7 + -19 + 35 + -17
6
3 + -10 + (-9 - -7) + -8
-17
Evaluate (-26 - 1) + 15 + -6 + -3.
-21
Calculate 8 + 37 + -6 - 11 - (2 + -7).
33
Calculate 1 + 0 + -8 + -7 + 5.
-9
4 + 23 - (22 + 9)
-4
What is the value of 16 + (12 - 5) + (6 - (1 + 7))?
21
Calculate (-3 - 0) + (5 - -6).
8
What is -17 + (-1 - -2